{"id":7413,"date":"2025-02-01T11:47:11","date_gmt":"2025-02-01T11:47:11","guid":{"rendered":"https:\/\/ff-wimpassing.at\/?page_id=7413"},"modified":"2025-07-09T07:00:12","modified_gmt":"2025-07-09T07:00:12","slug":"quad","status":"publish","type":"page","link":"https:\/\/ff-wimpassing.at\/?page_id=7413","title":{"rendered":"Quad"},"content":{"rendered":"\n<p>Das Quad (SOF) wurde im Jahr 2024 angeschafft und kommt bei Eins\u00e4tzen im Unwegsamen Gel\u00e4nde in Einsatz. Aber auch bei \u00d6lspuren im Ortsgebiet und Pegelkontrollen der Bachl\u00e4ufe im Hochwasserfall ist dieses Fahrzeug bestens geeignet. Ebenso werden kleine Besorgungsfahrten mit dem Quad erledigt um die anderen Fahrzeuge zu schonen. <\/p>\n\n\n\n<p>Derzeit werden 8 Mitglieder unserer Feuerwehr in der sogenannten Quad-Gruppe ausgebildet. Jedes Mitglied erh\u00e4lt einen eigenen Helm und unterzieht sich laufend einer Schulung am Fahrzeug.<\/p>\n\n\n\n<p>Urspr\u00fcnglich geh\u00f6rte dieses Quad unseren Kameraden LM Franz Krenn, welches jedoch im Jahr 2023 verstarb und war sein ganzer Stolz. Da das Fahrzeug keine Verwendung mehr fand, kauften wir dieses als Andenken an unseren &#8222;Franzi&#8220;, welches nun auch den Namen seines Vorbesitzers tr\u00e4gt.<\/p>\n\n\n\n<figure class=\"wp-block-table\"><table><tbody><tr><td><strong>Fahrzeugdaten<\/strong><\/td><\/tr><tr><td>Taktische Bezeichnung<\/td><td>Quad<\/td><\/tr><tr><td>Funkname<\/td><td>&#8211;<\/td><\/tr><tr><td>Besatzung<\/td><td>1:1<\/td><\/tr><tr><td>Baujahr<\/td><td>2021<\/td><\/tr><tr><td>Erzeuger<\/td><td>CF Moto<\/td><\/tr><tr><td>Typenbezeichnung<\/td><td>CForce 625<\/td><\/tr><tr><td>Motorleistung<\/td><td>29kW<\/td><\/tr><tr><td>Gesamtgewicht<\/td><td>605 kg<\/td><\/tr><tr><td>Feuerwehraufbau<\/td><td>Eigenbau<\/td><\/tr><tr><td>Kennzeichen<\/td><td>FW-464 NK<\/td><\/tr><tr><td>KHD<sup>1<\/sup><\/td><td>nein<\/td><\/tr><\/tbody><\/table><\/figure>\n\n\n\n<p><strong>Ein- und Aufbauten<\/strong>:<\/p>\n\n\n\n<ul class=\"wp-block-list\">\n<li>Seilwinde<\/li>\n\n\n\n<li>Blaulichtanlage<\/li>\n<\/ul>\n\n\n\n<p><strong>Beladung<\/strong>:<\/p>\n\n\n\n<ul class=\"wp-block-list\">\n<li>Handfeuerl\u00f6scher<\/li>\n<\/ul>\n\n\n\n<figure class=\"wp-block-gallery has-nested-images columns-2 is-cropped wp-block-gallery-1 is-layout-flex wp-block-gallery-is-layout-flex\">\n<figure class=\"wp-block-image size-large\"><img loading=\"lazy\" decoding=\"async\" width=\"1024\" height=\"683\" data-id=\"7788\" src=\"https:\/\/ff-wimpassing.at\/wp-content\/uploads\/2025\/03\/Quad-Wimpassing-SOF-1-1024x683.jpg\" alt=\"\" class=\"wp-image-7788\" srcset=\"https:\/\/ff-wimpassing.at\/wp-content\/uploads\/2025\/03\/Quad-Wimpassing-SOF-1-1024x683.jpg 1024w, https:\/\/ff-wimpassing.at\/wp-content\/uploads\/2025\/03\/Quad-Wimpassing-SOF-1-300x200.jpg 300w, https:\/\/ff-wimpassing.at\/wp-content\/uploads\/2025\/03\/Quad-Wimpassing-SOF-1-768x512.jpg 768w, https:\/\/ff-wimpassing.at\/wp-content\/uploads\/2025\/03\/Quad-Wimpassing-SOF-1-1536x1024.jpg 1536w, https:\/\/ff-wimpassing.at\/wp-content\/uploads\/2025\/03\/Quad-Wimpassing-SOF-1-2048x1365.jpg 2048w\" sizes=\"auto, (max-width: 1024px) 100vw, 1024px\" \/><\/figure>\n\n\n\n<figure class=\"wp-block-image size-large\"><img loading=\"lazy\" decoding=\"async\" width=\"1024\" height=\"683\" data-id=\"7790\" src=\"https:\/\/ff-wimpassing.at\/wp-content\/uploads\/2025\/03\/Quad-Wimpassing-SOF-3-1024x683.jpg\" alt=\"\" class=\"wp-image-7790\" srcset=\"https:\/\/ff-wimpassing.at\/wp-content\/uploads\/2025\/03\/Quad-Wimpassing-SOF-3-1024x683.jpg 1024w, https:\/\/ff-wimpassing.at\/wp-content\/uploads\/2025\/03\/Quad-Wimpassing-SOF-3-300x200.jpg 300w, https:\/\/ff-wimpassing.at\/wp-content\/uploads\/2025\/03\/Quad-Wimpassing-SOF-3-768x512.jpg 768w, https:\/\/ff-wimpassing.at\/wp-content\/uploads\/2025\/03\/Quad-Wimpassing-SOF-3-1536x1024.jpg 1536w, https:\/\/ff-wimpassing.at\/wp-content\/uploads\/2025\/03\/Quad-Wimpassing-SOF-3-2048x1365.jpg 2048w\" sizes=\"auto, (max-width: 1024px) 100vw, 1024px\" \/><\/figure>\n\n\n\n<figure class=\"wp-block-image size-large\"><img loading=\"lazy\" decoding=\"async\" width=\"1024\" height=\"683\" data-id=\"7789\" src=\"https:\/\/ff-wimpassing.at\/wp-content\/uploads\/2025\/03\/Quad-Wimpassing-SOF-2-1024x683.jpg\" alt=\"\" class=\"wp-image-7789\" srcset=\"https:\/\/ff-wimpassing.at\/wp-content\/uploads\/2025\/03\/Quad-Wimpassing-SOF-2-1024x683.jpg 1024w, https:\/\/ff-wimpassing.at\/wp-content\/uploads\/2025\/03\/Quad-Wimpassing-SOF-2-300x200.jpg 300w, https:\/\/ff-wimpassing.at\/wp-content\/uploads\/2025\/03\/Quad-Wimpassing-SOF-2-768x512.jpg 768w, https:\/\/ff-wimpassing.at\/wp-content\/uploads\/2025\/03\/Quad-Wimpassing-SOF-2-1536x1024.jpg 1536w, https:\/\/ff-wimpassing.at\/wp-content\/uploads\/2025\/03\/Quad-Wimpassing-SOF-2-2048x1365.jpg 2048w\" sizes=\"auto, (max-width: 1024px) 100vw, 1024px\" \/><\/figure>\n\n\n\n<figure class=\"wp-block-image size-large\"><img loading=\"lazy\" decoding=\"async\" width=\"1024\" height=\"683\" data-id=\"7791\" src=\"https:\/\/ff-wimpassing.at\/wp-content\/uploads\/2025\/03\/Quad-Wimpassing-SOF-4-1024x683.jpg\" alt=\"\" class=\"wp-image-7791\" srcset=\"https:\/\/ff-wimpassing.at\/wp-content\/uploads\/2025\/03\/Quad-Wimpassing-SOF-4-1024x683.jpg 1024w, https:\/\/ff-wimpassing.at\/wp-content\/uploads\/2025\/03\/Quad-Wimpassing-SOF-4-300x200.jpg 300w, https:\/\/ff-wimpassing.at\/wp-content\/uploads\/2025\/03\/Quad-Wimpassing-SOF-4-768x513.jpg 768w, https:\/\/ff-wimpassing.at\/wp-content\/uploads\/2025\/03\/Quad-Wimpassing-SOF-4-1536x1025.jpg 1536w, https:\/\/ff-wimpassing.at\/wp-content\/uploads\/2025\/03\/Quad-Wimpassing-SOF-4-2048x1367.jpg 2048w\" sizes=\"auto, (max-width: 1024px) 100vw, 1024px\" \/><\/figure>\n<\/figure>\n\n\n\n<p><\/p>\n\n\n\n<p>Zus\u00e4tzlich wurde eigens f\u00fcr das Quad ein kleiner Anh\u00e4nger angeschafft um Schlauchmaterial, \u00d6lbindemittel oder sonstige Ger\u00e4tschaften transportieren zu k\u00f6nnen.<\/p>\n\n\n\n<figure class=\"wp-block-gallery has-nested-images columns-default is-cropped wp-block-gallery-2 is-layout-flex wp-block-gallery-is-layout-flex\">\n<figure class=\"wp-block-image size-large\"><img loading=\"lazy\" decoding=\"async\" width=\"1024\" height=\"752\" data-id=\"8184\" src=\"https:\/\/ff-wimpassing.at\/wp-content\/uploads\/2025\/07\/Quad-Anhaenger-1024x752.jpg\" alt=\"\" class=\"wp-image-8184\" srcset=\"https:\/\/ff-wimpassing.at\/wp-content\/uploads\/2025\/07\/Quad-Anhaenger-1024x752.jpg 1024w, https:\/\/ff-wimpassing.at\/wp-content\/uploads\/2025\/07\/Quad-Anhaenger-300x220.jpg 300w, https:\/\/ff-wimpassing.at\/wp-content\/uploads\/2025\/07\/Quad-Anhaenger-768x564.jpg 768w, https:\/\/ff-wimpassing.at\/wp-content\/uploads\/2025\/07\/Quad-Anhaenger-1536x1129.jpg 1536w, https:\/\/ff-wimpassing.at\/wp-content\/uploads\/2025\/07\/Quad-Anhaenger-2048x1505.jpg 2048w\" sizes=\"auto, (max-width: 1024px) 100vw, 1024px\" \/><\/figure>\n<\/figure>\n","protected":false},"excerpt":{"rendered":"<p>Das Quad (SOF) wurde im Jahr 2024 angeschafft und kommt bei Eins\u00e4tzen im Unwegsamen Gel\u00e4nde in Einsatz. Aber auch bei \u00d6lspuren im Ortsgebiet und Pegelkontrollen der Bachl\u00e4ufe im Hochwasserfall ist dieses Fahrzeug bestens geeignet. Ebenso werden kleine Besorgungsfahrten mit dem Quad erledigt um die anderen Fahrzeuge zu schonen. Derzeit werden 8 Mitglieder unserer Feuerwehr in [&hellip;]<\/p>\n","protected":false},"author":1,"featured_media":0,"parent":0,"menu_order":0,"comment_status":"closed","ping_status":"closed","template":"","meta":{"footnotes":""},"class_list":["post-7413","page","type-page","status-publish","hentry"],"_links":{"self":[{"href":"https:\/\/ff-wimpassing.at\/index.php?rest_route=\/wp\/v2\/pages\/7413","targetHints":{"allow":["GET"]}}],"collection":[{"href":"https:\/\/ff-wimpassing.at\/index.php?rest_route=\/wp\/v2\/pages"}],"about":[{"href":"https:\/\/ff-wimpassing.at\/index.php?rest_route=\/wp\/v2\/types\/page"}],"author":[{"embeddable":true,"href":"https:\/\/ff-wimpassing.at\/index.php?rest_route=\/wp\/v2\/users\/1"}],"replies":[{"embeddable":true,"href":"https:\/\/ff-wimpassing.at\/index.php?rest_route=%2Fwp%2Fv2%2Fcomments&post=7413"}],"version-history":[{"count":5,"href":"https:\/\/ff-wimpassing.at\/index.php?rest_route=\/wp\/v2\/pages\/7413\/revisions"}],"predecessor-version":[{"id":8185,"href":"https:\/\/ff-wimpassing.at\/index.php?rest_route=\/wp\/v2\/pages\/7413\/revisions\/8185"}],"wp:attachment":[{"href":"https:\/\/ff-wimpassing.at\/index.php?rest_route=%2Fwp%2Fv2%2Fmedia&parent=7413"}],"curies":[{"name":"wp","href":"https:\/\/api.w.org\/{rel}","templated":true}]}}