{"id":139,"date":"2022-02-15T10:17:38","date_gmt":"2022-02-15T10:17:38","guid":{"rendered":"https:\/\/ff-wimpassing.at\/?page_id=139"},"modified":"2024-06-05T12:30:55","modified_gmt":"2024-06-05T12:30:55","slug":"tankloeschfahrzeug","status":"publish","type":"page","link":"https:\/\/ff-wimpassing.at\/?page_id=139","title":{"rendered":"Tankl\u00f6schfahrzeug"},"content":{"rendered":"\n<p>Das \u00e4lteste und unser zweitgr\u00f6\u00dftes Fahrzeug. Es handelt sich um das Tankl\u00f6schfahrzeug. Es wurde 1991 angeschafft. Ausgestattet mit permanent 4&#215;4 Allrad-Antrieb ist es trotz seiner 16t gel\u00e4ndeg\u00e4ngig. Da es nicht nur bei Brandeins\u00e4tzen sondern auch bei technischen Eins\u00e4tzen und im Katastrophenhilfsdienst zum Einsatz kommt, hat es die meisten Einsatzstunden am Buckel.<\/p>\n\n\n\n<figure class=\"wp-block-table\"><table><tbody><tr><td><strong>Fahrzeugdaten<\/strong><\/td><\/tr><tr><td>Taktische Bezeichnung<\/td><td>TLF-A4000<\/td><\/tr><tr><td>Funkname<\/td><td>Tank Wimpassing<\/td><\/tr><tr><td>Besatzung<\/td><td>1:8<\/td><\/tr><tr><td>Baujahr<\/td><td>1991<\/td><\/tr><tr><td>Erzeuger<\/td><td>\u00d6AF Gr\u00e4f &amp; Stift AG<\/td><\/tr><tr><td>Typenbezeichnung<\/td><td>\u00d6AF 17.292 FA<\/td><\/tr><tr><td>Motorleistung<\/td><td>213kW<\/td><\/tr><tr><td>Gesamtgewicht<\/td><td>16.000kg<\/td><\/tr><tr><td>Feuerwehraufbau<\/td><td>Lohr<\/td><\/tr><tr><td>Kennzeichen<\/td><td>NK-TANK1<\/td><\/tr><tr><td>KHD<sup>1<\/sup><\/td><td>ja<\/td><\/tr><\/tbody><\/table><\/figure>\n\n\n\n<p><strong>Ein- und Aufbauten<\/strong><\/p>\n\n\n\n<ul class=\"wp-block-list\">\n<li>Wassertank 4.000l<\/li>\n\n\n\n<li>Einbaupumpe ZIEGLER HMP 16 &#8211; 1.600l\/min<\/li>\n\n\n\n<li>Monitor (auch absetzbar)<\/li>\n\n\n\n<li>Hochdruck 2 x 60m formbest\u00e4ndig<\/li>\n\n\n\n<li>Stromaggregat Knurz D55 8kVA<\/li>\n\n\n\n<li>Seilwinde Karner HR5 50kN<\/li>\n<\/ul>\n\n\n\n<p><strong>Arbeitsscheinwerfer<\/strong><\/p>\n\n\n\n<ul class=\"wp-block-list\">\n<li>Lichtmast 4&#215;1.000W<\/li>\n\n\n\n<li>Halogenfluter Bosch 1.000W<\/li>\n\n\n\n<li>Handscheinwerfer 2xMATA Halo 4<\/li>\n<\/ul>\n\n\n\n<p><strong>Beladung<\/strong><\/p>\n\n\n\n<ul class=\"wp-block-list\">\n<li>Atemschutz Dr\u00e4ger 3x200bar<\/li>\n\n\n\n<li>Motorkettens\u00e4ge STIHL 023<\/li>\n\n\n\n<li>Schaummittel 120 l TOWALEX AFFF 3%<\/li>\n\n\n\n<li>Mittelschaumrohr 1 St\u00fcck<\/li>\n\n\n\n<li>Schwerschaumrohr 1 St\u00fcck<\/li>\n\n\n\n<li>B-Strahlrohr 1 St\u00fcck<\/li>\n\n\n\n<li>C-Strahlrohr 3 St\u00fcck<\/li>\n\n\n\n<li>HD-Strahlrohr 3 St\u00fcck<\/li>\n\n\n\n<li>B-Druckschlauch 280m<\/li>\n\n\n\n<li>C-Druckschlauch 150m<\/li>\n\n\n\n<li>D-Druckschlauch 90m<\/li>\n\n\n\n<li>HD-Druckschlauch 120m<\/li>\n\n\n\n<li>A-Saugschlauch 4 x 1,50m<\/li>\n\n\n\n<li>Hitzeschutzanzug 2<\/li>\n\n\n\n<li>Steckleiter 4 x 2,50m<\/li>\n\n\n\n<li>Mobiler Rauchverschluss<\/li>\n\n\n\n<li>L\u00f6schrucks\u00e4cke 5 St\u00fcck<\/li>\n\n\n\n<li>Schanzwerkzeug<\/li>\n<\/ul>\n\n\n\n<figure class=\"wp-block-gallery has-nested-images columns-default is-cropped wp-block-gallery-1 is-layout-flex wp-block-gallery-is-layout-flex\">\n<figure class=\"wp-block-image size-large\"><a href=\"https:\/\/ff-wimpassing.at\/wp-content\/uploads\/2022\/03\/TLFA-4000-1.jpg\"><img loading=\"lazy\" decoding=\"async\" width=\"1280\" height=\"853\" data-id=\"1329\" src=\"https:\/\/ff-wimpassing.at\/wp-content\/uploads\/2022\/03\/TLFA-4000-1.jpg\" alt=\"\" class=\"wp-image-1329\" srcset=\"https:\/\/ff-wimpassing.at\/wp-content\/uploads\/2022\/03\/TLFA-4000-1.jpg 1280w, https:\/\/ff-wimpassing.at\/wp-content\/uploads\/2022\/03\/TLFA-4000-1-300x200.jpg 300w, https:\/\/ff-wimpassing.at\/wp-content\/uploads\/2022\/03\/TLFA-4000-1-1024x682.jpg 1024w, https:\/\/ff-wimpassing.at\/wp-content\/uploads\/2022\/03\/TLFA-4000-1-768x512.jpg 768w\" sizes=\"auto, (max-width: 1280px) 100vw, 1280px\" \/><\/a><\/figure>\n\n\n\n<figure class=\"wp-block-image size-large\"><a href=\"https:\/\/ff-wimpassing.at\/wp-content\/uploads\/2022\/03\/TLFA-4000-2.jpg\"><img loading=\"lazy\" decoding=\"async\" width=\"1280\" height=\"853\" data-id=\"1330\" src=\"https:\/\/ff-wimpassing.at\/wp-content\/uploads\/2022\/03\/TLFA-4000-2.jpg\" alt=\"\" class=\"wp-image-1330\" srcset=\"https:\/\/ff-wimpassing.at\/wp-content\/uploads\/2022\/03\/TLFA-4000-2.jpg 1280w, https:\/\/ff-wimpassing.at\/wp-content\/uploads\/2022\/03\/TLFA-4000-2-300x200.jpg 300w, https:\/\/ff-wimpassing.at\/wp-content\/uploads\/2022\/03\/TLFA-4000-2-1024x682.jpg 1024w, https:\/\/ff-wimpassing.at\/wp-content\/uploads\/2022\/03\/TLFA-4000-2-768x512.jpg 768w\" sizes=\"auto, (max-width: 1280px) 100vw, 1280px\" \/><\/a><\/figure>\n\n\n\n<figure class=\"wp-block-image size-large\"><a href=\"https:\/\/ff-wimpassing.at\/wp-content\/uploads\/2022\/03\/TLFA-4000-4.jpg\"><img loading=\"lazy\" decoding=\"async\" width=\"1280\" height=\"853\" data-id=\"1332\" src=\"https:\/\/ff-wimpassing.at\/wp-content\/uploads\/2022\/03\/TLFA-4000-4.jpg\" alt=\"\" class=\"wp-image-1332\" srcset=\"https:\/\/ff-wimpassing.at\/wp-content\/uploads\/2022\/03\/TLFA-4000-4.jpg 1280w, https:\/\/ff-wimpassing.at\/wp-content\/uploads\/2022\/03\/TLFA-4000-4-300x200.jpg 300w, https:\/\/ff-wimpassing.at\/wp-content\/uploads\/2022\/03\/TLFA-4000-4-1024x682.jpg 1024w, https:\/\/ff-wimpassing.at\/wp-content\/uploads\/2022\/03\/TLFA-4000-4-768x512.jpg 768w\" sizes=\"auto, (max-width: 1280px) 100vw, 1280px\" \/><\/a><\/figure>\n\n\n\n<figure class=\"wp-block-image size-large\"><a href=\"https:\/\/ff-wimpassing.at\/wp-content\/uploads\/2022\/03\/TLFA-4000-3.jpg\"><img loading=\"lazy\" decoding=\"async\" width=\"1280\" height=\"853\" data-id=\"1331\" src=\"https:\/\/ff-wimpassing.at\/wp-content\/uploads\/2022\/03\/TLFA-4000-3.jpg\" alt=\"\" class=\"wp-image-1331\" srcset=\"https:\/\/ff-wimpassing.at\/wp-content\/uploads\/2022\/03\/TLFA-4000-3.jpg 1280w, https:\/\/ff-wimpassing.at\/wp-content\/uploads\/2022\/03\/TLFA-4000-3-300x200.jpg 300w, https:\/\/ff-wimpassing.at\/wp-content\/uploads\/2022\/03\/TLFA-4000-3-1024x682.jpg 1024w, https:\/\/ff-wimpassing.at\/wp-content\/uploads\/2022\/03\/TLFA-4000-3-768x512.jpg 768w\" sizes=\"auto, (max-width: 1280px) 100vw, 1280px\" \/><\/a><\/figure>\n<\/figure>\n","protected":false},"excerpt":{"rendered":"<p>Das \u00e4lteste und unser zweitgr\u00f6\u00dftes Fahrzeug. Es handelt sich um das Tankl\u00f6schfahrzeug. Es wurde 1991 angeschafft. Ausgestattet mit permanent 4&#215;4 Allrad-Antrieb ist es trotz seiner 16t gel\u00e4ndeg\u00e4ngig. Da es nicht nur bei Brandeins\u00e4tzen sondern auch bei technischen Eins\u00e4tzen und im Katastrophenhilfsdienst zum Einsatz kommt, hat es die meisten Einsatzstunden am Buckel. Fahrzeugdaten Taktische Bezeichnung TLF-A4000 [&hellip;]<\/p>\n","protected":false},"author":1,"featured_media":0,"parent":0,"menu_order":0,"comment_status":"closed","ping_status":"closed","template":"","meta":{"footnotes":""},"class_list":["post-139","page","type-page","status-publish","hentry"],"_links":{"self":[{"href":"https:\/\/ff-wimpassing.at\/index.php?rest_route=\/wp\/v2\/pages\/139","targetHints":{"allow":["GET"]}}],"collection":[{"href":"https:\/\/ff-wimpassing.at\/index.php?rest_route=\/wp\/v2\/pages"}],"about":[{"href":"https:\/\/ff-wimpassing.at\/index.php?rest_route=\/wp\/v2\/types\/page"}],"author":[{"embeddable":true,"href":"https:\/\/ff-wimpassing.at\/index.php?rest_route=\/wp\/v2\/users\/1"}],"replies":[{"embeddable":true,"href":"https:\/\/ff-wimpassing.at\/index.php?rest_route=%2Fwp%2Fv2%2Fcomments&post=139"}],"version-history":[{"count":7,"href":"https:\/\/ff-wimpassing.at\/index.php?rest_route=\/wp\/v2\/pages\/139\/revisions"}],"predecessor-version":[{"id":6376,"href":"https:\/\/ff-wimpassing.at\/index.php?rest_route=\/wp\/v2\/pages\/139\/revisions\/6376"}],"wp:attachment":[{"href":"https:\/\/ff-wimpassing.at\/index.php?rest_route=%2Fwp%2Fv2%2Fmedia&parent=139"}],"curies":[{"name":"wp","href":"https:\/\/api.w.org\/{rel}","templated":true}]}}